 = 3*g(v) - 4*j(v). What is y(-6)?
-6
Let y(f) = -2*f + 2. Suppose -57*a + 48*a = -81. Calculate y(a).
-16
Let g(a) = -2*a**2 + a - 5*a**2 + 0*a**2. Determine g(2).
-26
Let v be (-1)/(-5) - 4/(-5). Let c(h) = h + 2. Let j(l) = -9*l - 9. Let d(b) = -5*c(b) - j(b). Determine d(v).
3
Let w(h) = h**3 + 33*h + 1 - 2 + 6*h**2 + 8 - 14*h - 16*h. Give w(-5).
17
Let l(a) = -a**3 + 8*a**2 + a - 7. Let r(b) = -b**3 + 7*b**2 + 10*b - 8. Let t be r(8). Let n be l(t). Let v(g) = -1 + 3 - 4 + 1 - 3*g. Calculate v(n).
-4
Suppose -3*s - 3*z + 9 - 3 = 0, -10 = -5*s - 2*z. Let r(n) = n - 6 + n**3 - s*n**3 + 9*n - 18*n + 8*n**2. Calculate r(7).
-13
Let c(b) = b**2 + 2*b + 6. Let p(z) = 5*z**2 - 3*z**2 - 4*z + 9*z + 13. Let n(r) = -5*c(r) + 2*p(r). Let o(x) be the first derivative of n(x). What is o(4)?
-8
Let l(o) = o**3 - 3*o**2 + 2*o - 1. Suppose -2*d + 35 = 3*v, -51 = -5*d - 2*v + 9. Let s be 10/((-3)/((-45)/d)). Suppose 9*j - s = 4*j. Calculate l(j).
5
Let j(p) = -23 + 20 + 2*p + 0*p - 3*p. Give j(10).
-13
Let r(o) = -o**3 - 11*o**2 - 11*o - 3. Let n be r(-10). Let s be 12/(-8) + n/(-2). Let w be (-1)/s - (-48)/60. Let f(b) = 5*b**2 + 1. What is f(w)?
6
Let a(l) = -5*l**2 + 6*l**2 + 3*l - 2*l - 29. Give a(0).
-29
Let x(p) = p**2 + 5*p - 9. Suppose -9*b + 27 = -4*w - 10*b, -2*w - 12 = 2*b. Calculate x(w).
5
Let a(d) = -2*d - 2. Let q be a(-4). Let w = q - 7. Let x(z) = -5*z**3 - z**2. Let g be x(w). Let t(v) = -v**3 + 5*v**2 - 5*v - 3. Give t(g).
-7
Let q(b) be the second derivative of -b**4/12 + 2*b**3/3 + 3*b**2 - 4*b + 7. Give q(5).
1
Let d(b) = -b + 3*b + 3 + 4 + b**3 - 6*b**3. Let l(q) = -q**3 + q**2 - q + 1. Let o(w) = -d(w) + 3*l(w). Determine o(-3).
-16
Let q(g) be the second derivative of g**5/20 + g**4/3 - g**3/6 - g**2/2 - 6*g - 6. What is q(-3)?
11
Let x(b) = -6*b**2 + 4*b**2 + 2 + b + 6 - 6. What is x(3)?
-13
Let c(m) = -m + 1. Let x(y) = y + 6. Let o be x(0). Suppose -o*a = 38 - 2. Let q be 26/a - (-4)/(-6). What is c(q)?
6
Let b = 167 + -167. Let n(l) = -l**3 - l**2 - l - 13. Determine n(b).
-13
Let u(j) be the third derivative of -j**5/60 + j**4/12 - j**3/3 - 179*j**2. Calculate u(-2).
-10
Let m(w) be the second derivative of w**3 + 43*w**2/2 + 121*w. Determine m(-7).
1
Suppose -11*j = -8*j + 21. Let l(f) = -f - 8. Let x be l(j). Let g(h) = -2*h**2 - 1. Give g(x).
-3
Suppose 2*j + 3*h = 42 - 2, 4*h + 77 = 5*j. Let q = 10 + 0. Suppose 0*s = -2*b + 3*s + j, b - q = 2*s. Let m(p) = -p**2 + 3*p + 1. Determine m(b).
-3
Let i(x) = -x - 5. Let s be 0 + 4/18 + 830/(-90). Calculate i(s).
4
Let o be 4/(-30) + (-705)/(-225). Let i(l) = l**3 - 2*l**2 - 1. Give i(o).
8
Let j(d) = -d**3 - 11*d**2 + 0*d**3 - 37*d**2 + 55*d**2 - d - 13*d**2 + 9. Give j(-7).
65
Let p(w) = 7*w + 6. Let y(o) = -2*o**2 - 20*o + 7. Let z be y(-10). Let g be (z + 1)*1/4*-2. Calculate p(g).
-22
Let f(w) = 3*w - 5. Let o(q) = -4*q + 5. Let m(d) = -6*f(d) - 5*o(d). Suppose 3*r + 8 = 20. Calculate m(r).
13
Let n(f) = -f - 3. Let g be n(-7). Let v(y) = 7*y**3 - 8*y**2 - 2*y - 5. Let s(q) = 3*q**3 - 4*q**2 - q - 3. Let p(w) = -5*s(w) + 2*v(w). Calculate p(g).
9
Let z(h) = h**3 - 9*h**2 - 12*h + 14. Let x = 147 + -137. Give z(x).
-6
Suppose 43*o - 47*o - 48 = 0. Let d(y) = -y**3 - 13*y**2 - 11*y + 11. Determine d(o).
-1
Let f(h) = -6*h - 11. Let n be f(-2). Let a(k) = -k**3 + k**2 + 1. Let j(z) = -5*z**3 + 2*z**2 + 2*z + 2. Let b(v) = n*j(v) - a(v). Calculate b(-1).
4
Let g = 43 - 36. Let b(h) = h - 10. Calculate b(g).
-3
Let y(b) be the third derivative of 1/24*b**4 - 3*b**2 + 0*b + 0 - 2/3*b**3. Let x(w) = -w + 8. Let z be x(4). Give y(z).
0
Let p(o) = -2*o - 1 - o**2 + 0*o - o**3 + 6 + 5*o**2. Let s be p(4). Let n(h) be the first derivative of h**2 + 3*h - 33. Give n(s).
-3
Let s(o) = 7 - 2184*o - 2192*o + 4377*o. Calculate s(6).
13
Let u(t) = -4*t + 1. Let m be u(-2). Let x = m - 18. Let w = x + 15. Let z(c) = -2*c + 7. Give z(w).
-5
Let p be (6/56 - 7/(-49))*0. Let j(f) = f**2 + f + 4. Give j(p).
4
Let l(r) = 2 - 15*r**2 - r**2 - 3 + 3*r + 4*r**2 + 13*r**2. Give l(-6).
17
Let s(j) = 4*j + 2. Suppose -4*g - 3 = -5*u - 0*g, 0 = 2*u + g - 9. What is s(u)?
14
Let v(u) = -u + 1. Suppose -2*b = -3*g - 2 + 18, -b = -5*g + 29. Determine v(g).
-5
Let k be 220/(-33) + (-1)/3. Let j(m) = m**2 + 10*m + 5. Determine j(k).
-16
Let h = -40 - -40. Let j(n) = 3 + 5*n**2 + h*n**3 - n**3 - 2*n**2. Let w = -3 + 6. What is j(w)?
3
Suppose -i - 5*f + 29 = -f, 22 = 2*i - f. Suppose -5 - i = 3*w. Let d(o) = -o**3 - 7*o**2 - 5*o - 5. Calculate d(w).
-11
Let p(u) = 4*u - 105. Let h be p(28). Let r(t) = t**2 - 10*t + 16. Calculate r(h).
-5
Let q(r) = 7*r - 20. Let p(c) = -12*c + 39. Let y(z) = -4*p(z) - 7*q(z). What is y(-16)?
0
Let l(j) = -7*j**2 - 3*j + 24. Let n(r) = -6*r**2 - 3*r + 20. Let d(i) = -5*l(i) + 6*n(i). Calculate d(-5).
-10
Let f(p) = -28*p + 6*p - 7*p + 8*p. Determine f(-2).
42
Let n(z) be the first derivative of -z**2/2 + z - 8. Suppose -16*i = 24*i. What is n(i)?
1
Let z(m) = m**3 + 12*m**2 + 11*m - 6. Let o = 237 - 248. What is z(o)?
-6
Let r(q) = -q - q**3 + q**2 + 4*q + 3*q - 5*q**2 + 2. Let y be (-4)/10 + (207/(-5))/9. What is r(y)?
-3
Suppose -4 = -4*d - 3*z, -5*d + 4 = -d - z. Let g = -49 - -51. Let h(w) = 1 - 5*w**g - 22*w + 5*w + 8*w + 7*w. Calculate h(d).
-6
Let l be ((-8)/1)/(-4)*4. Let n be (2/4)/(4/l). Let d(j) = 1 - 3*j**2 + 2 + 2*j**2 - j - n. What is d(-2)?
0
Let b(w) = w**3 + 3*w**2 - 5*w + 2. Let q be (-10)/1*-1*(-4)/10. Calculate b(q).
6
Suppose 3*m + 12 = 3*u, -5*u + 2 = -2*u - m. Let h(s) be the third derivative of s**4/24 + s**3/6 + 6*s**2. Give h(u).
0
Suppose 3*g = w - 17, w + 30 = 6*w - 4*g. Suppose 5*f - 11 = 2*x - 29, -w*f = 2*x + 10. Let y(h) = 6 + 2*h - 4 + 3. Determine y(f).
-3
Suppose -3*r + 990 - 984 = 0. Let x(l) = -3*l**2 - 3*l + 1. Give x(r).
-17
Suppose y + 16*l - 20*l + 10 = 0, 5*y + 5*l = 75. Let p(u) be the first derivative of u**4/4 - 11*u**3/3 + 11*u**2/2 - 15*u - 1. Calculate p(y).
-5
Let a(w) = 4 - 12 + 2*w + w**2 - 4*w + 4. Determine a(-3).
11
Let a(x) = 3 - 4*x + 4*x + 2*x. Let y(m) = -m**2 - 14*m - 36. Let l be y(-10). What is a(l)?
11
Let s(d) = -d**2 + 11*d + 8. Let w = 33 - 22. Let t be s(w). Let n be (5 - t) + 3/1. Let u(j) = j**2 - j + 4. Determine u(n).
4
Let f(d) = 3*d**2 + 36*d + 7. Let v be f(-12). Let u(m) = m**3 - 8*m**2 + 6*m + 7. Determine u(v).
0
Let p(w) = -2*w - 9. Let t be (-4)/(-3)*(-3)/2. Let x = -8 - t. Give p(x).
3
Let v(z) = -z**2 + 14. Let d(h) = -h**2 - h + 18. Let g(u) = -3*d(u) + 4*v(u). Calculate g(6).
-16
Let l(y) = y**2 - 4*y - 10. Suppose -56 - 64 = -20*m. Give l(m).
2
Suppose 5*d + 2 - 7 = 0, 2*a = -d + 15. Suppose a*k = 8*k - 5. Let u(p) = 2*p - 6. Give u(k).
4
Let l(f) = 4*f + 5. Let n(a) = -2*a**3 + 3*a**2 - 12*a + 24. Let z be n(2). Determine l(z).
-11
Let y(c) = -2*c - 8. Suppose 1 - 1 = -49*t. Determine y(t).
-8
Let x(u) = -u**2 + 6*u - 3. Suppose -1 + 65 = 4*k. Suppose 4*i = -b + k, -6*b - 5*i + 35 = -b. Calculate x(b).
5
Let w be 2/(-5) - (-154)/35. Let j(p) = 210 + 203 + p**2 - 5*p - 416. What is j(w)?
-7
Let b(t) = -1 + 11*t - t - 2*t**2 - 5*t - 8*t. Let p be (4/(-10))/(5/25). Give b(p).
-3
Let d(b) = b**2 + 6*b + 3. Suppose 5*f + 40 = -9*y + 14*y, -2*f + y - 13 = 0. What is d(f)?
-2
Let f(l) = -2*l - 3. Suppose -13 = -5*d - 2*h, 3*d + h - 10 = -2. Let q(p) = 6 + 7*p + d + 3*p + 7. Let b(w) = 11*f(w) + 2*q(w). Calculate b(-1).
1
Let z(s) = -42 + 5*s + 42. Suppose -4 = -2*t - 0. Let c be 2/t - (-1 + 1). Determine z(c).
5
Let u(i) = -3*i - 24. Let g(h) = -45*h + 31. Let n be g(1). Determine u(n).
18
Let t(r) = 5*r - 1. Suppose 0 = 8*h + 7*h - 90. Suppose -h*s + 6 = -0. Determine t(s).
4
Let f = 10 - 14. Suppose 4*h - 2 = -2*l, -3*h - 4*l + 4 = -0*h. Let a(y) = -2 + h + 1 - 4*y - y**2. Give a(f).
-1
Let p(n) = -4*n**2 - 3*n - 2. Let u(z) = -11*z**2 - 8*z - 7. Let b(x) = -8*p(x) + 3*u(x). Give b(-3).
-14
Let g = -491 + 484. Let v(f) = -f - 9. Calculate v(g).
-2
Suppose 4*r = 6*r + 6. Let f(w) be the third derivative of -w**4/8 + 2*w**3/3 - 109*w**2 + 5*w. Determine f(r).
13
Let n(f) = f**2 - 7*f. Let p be (-144)/(-32) - (-6)/4. Calculate n(p).
-6
Let v(l) = l**3 + 3*l**2 - 5*l - 6. Suppose -4*u = 5*c + 27, -3*u - 8*c = -3*c + 24. Suppose 3*s + s = -120. Let a be (u/2)/(s/(-80)). Determine v(a).
-2
Let d(i) =